 is the hundred thousands digit of 2859894044?
8
What is the tens digit of 1437840445?
4
What is the hundreds digit of 69858735?
7
What is the hundred millions digit of 256717313?
2
What is the hundred thousands digit of 945974045?
9
What is the units digit of 357385672?
2
What is the units digit of 526969518?
8
What is the millions digit of 7779762932?
9
What is the millions digit of 31345384?
1
What is the tens digit of 201194847?
4
What is the ten thousands digit of 251404460?
0
What is the millions digit of 221531134?
1
What is the millions digit of 1057804208?
7
What is the hundred thousands digit of 2276299427?
2
What is the thousands digit of 12876828?
6
What is the hundred millions digit of 345006257?
3
What is the millions digit of 1047487877?
7
What is the hundred thousands digit of 145988520?
9
What is the ten thousands digit of 7313316986?
1
What is the units digit of 25294774?
4
What is the hundred thousands digit of 2923686?
9
What is the tens digit of 38013337?
3
What is the hundreds digit of 4104756240?
2
What is the ten millions digit of 2066569662?
6
What is the hundreds digit of 223132771?
7
What is the tens digit of 11792735?
3
What is the hundreds digit of 340667920?
9
What is the thousands digit of 36784084?
4
What is the millions digit of 83666435?
3
What is the hundred thousands digit of 596796111?
7
What is the hundred thousands digit of 223070068?
0
What is the ten millions digit of 181901567?
8
What is the ten millions digit of 854103010?
5
What is the hundred millions digit of 204746108?
2
What is the millions digit of 20561663?
0
What is the ten millions digit of 119189565?
1
What is the billions digit of 1653728929?
1
What is the ten millions digit of 1502103289?
0
What is the units digit of 1012127311?
1
What is the millions digit of 226866353?
6
What is the ten millions digit of 1268150351?
6
What is the hundred thousands digit of 200866001?
8
What is the units digit of 28607617?
7
What is the hundred thousands digit of 119870767?
8
What is the thousands digit of 198429154?
9
What is the hundreds digit of 573027324?
3
What is the hundreds digit of 117442674?
6
What is the thousands digit of 727113522?
3
What is the billions digit of 1325584557?
1
What is the ten millions digit of 1423618862?
2
What is the hundreds digit of 560078406?
4
What is the thousands digit of 110026115?
6
What is the hundred thousands digit of 893722146?
7
What is the hundreds digit of 8850837?
8
What is the hundreds digit of 7550447?
4
What is the hundred millions digit of 352327802?
3
What is the tens digit of 89436586?
8
What is the ten thousands digit of 511856216?
5
What is the tens digit of 85563279?
7
What is the hundred thousands digit of 49400342?
4
What is the thousands digit of 232456380?
6
What is the millions digit of 130314417?
0
What is the thousands digit of 1747903?
7
What is the thousands digit of 50734091?
4
What is the ten thousands digit of 69504770?
0
What is the tens digit of 13522127?
2
What is the millions digit of 135691377?
5
What is the ten thousands digit of 75684364?
8
What is the ten thousands digit of 31970789?
7
What is the units digit of 5646006691?
1
What is the hundred thousands digit of 1536826089?
8
What is the hundred thousands digit of 604522793?
5
What is the hundred thousands digit of 16130566?
1
What is the units digit of 1200803996?
6
What is the millions digit of 1183271314?
3
What is the ten millions digit of 866201402?
6
What is the thousands digit of 61293491?
3
What is the thousands digit of 109045550?
5
What is the thousands digit of 34322611?
2
What is the hundreds digit of 1735125138?
1
What is the hundred thousands digit of 19819120?
8
What is the hundred thousands digit of 87334714?
3
What is the units digit of 5246352329?
9
What is the thousands digit of 4302505516?
5
What is the ten thousands digit of 727277424?
7
What is the tens digit of 196430962?
6
What is the units digit of 41802201?
1
What is the thousands digit of 441141909?
1
What is the tens digit of 116527159?
5
What is the ten thousands digit of 190629236?
2
What is the units digit of 117733656?
6
What is the ten thousands digit of 1330851387?
5
What is the units digit of 159955980?
0
What is the millions digit of 83333209?
3
What is the ten millions digit of 92296103?
9
What is the units digit of 7568089704?
4
What is the tens digit of 166472011?
1
What is the units digit of 1466746574?
4
What is the thousands digit of 1476664?
6
What is the tens digit of 450443535?
3
What is the hundred millions digit of 470993584?
4
What is the ten millions digit of 566729453?
6
What is the hundred thousands digit of 182588100?
5
What is the hundred thousands digit of 1217726241?
7
What is the units digit of 32099694?
4
What is the ten millions digit of 47913748?
4
What is the hundred thousands digit of 12014677?
0
What is the units digit of 70570096?
6
What is the hundred thousands digit of 51744661?
7
What is the hundreds digit of 42648904?
9
What is the hundreds digit of 38337715?
7
What is the tens digit of 91914154?
5
What is the hundred thousands digit of 256590886?
5
What is the hundred millions digit of 2100103519?
1
What is the thousands digit of 686865739?
5
What is the thousands digit of 52610571?
0
What is the millions digit of 179575875?
9
What is the millions digit of 614678731?
4
What is the ten millions digit of 191166577?
9
What is the ten thousands digit of 196585141?
8
What is the millions digit of 81932468?
1
What is the hundreds digit of 163467709?
7
What is the ten millions digit of 1578077096?
7
What is the thousands digit of 1735598941?
8
What is the millions digit of 45077403?
5
What is the ten thousands digit of 1758634844?
3
What is the millions digit of 2223823985?
3
What is the units digit of 5819325944?
4
What is the millions digit of 2345167165?
5
What is the units digit of 3354897699?
9
What is the hundred millions digit of 709868415?
7
What is the ten thousands digit of 651831736?
3
What is the billions digit of 3307254665?
3
What is the millions digit of 615690751?
5
What is the millions digit of 42807694?
2
What is the hundreds digit of 248066475?
4
What is the hundreds digit of 494694486?
4
What is the ten thousands digit of 6709313?
0
What is the tens digit of 66527161?
6
What is the millions digit of 4575120648?
5
What is the ten thousands digit of 462605592?
0
What is the millions digit of 13941035?
3
What is the hundreds digit of 2627138947?
9
What is the thousands digit of 37498226?
8
What is the hundred thousands digit of 80088659?
0
What is the ten millions digit of 3159545645?
5
What is the ten thousands digit of 141504187?
0
What is the thousands digit of 74221673?
1
What is the thousands digit of 53521208?
1
What is the hundreds digit of 36432242?
2
What is the hundreds digit of 1983431797?
7
What is the hundred thousands digit of 157126704?
1
What is the tens digit of 39396600?
0
What is the ten thousands digit of 84164411?
6
What is the hundred millions digit of 831154332?
8
What is the ten thousands digit of 56159071?
5
What is the tens digit of 5748618848?
4
What is the ten thousands digit of 7386899?
8
What is the millions digit of 140210742?
0
What is the ten millions digit of 51524605?
5
What is the units digit of 863003072?
2
What is the ten thousands digit of 250696359?
9
What is the millions digit of 1107659519?
7
What is the hundred millions digit of 1317820367?
3
What is the hundred millions digit of 139192582?
1
What is the units digit of 1199490163?
3
What is the tens digit of 4435003?
0
What is the billions digit of 4476926530?
4
What is the ten millions digit of 111848528?
1
What is the hundred millions digit of 706156739?
7
What is the ten thousands digit of 5301115?
0
What is the tens digit of 297471410?
1
What is the thousands digit of 176483633?
3
What is the tens digit of 492439814?
1
What is the thousands digit of 49195658?
5
What is the ten millions digit of 2785715038?
8
What is the units digit of 813916590?
0
What is the millions digit of 535777972?
5
What is the ten millions digit of 1684360977?
8
What is the hundred thousands digit of 17409805?
4
What is the hundred millions digit of 1497485374?
4
What is the hundred thousands digit of 23242337?
2
What is the 